t x be c(-9). Calculate the highest common factor of x and f.
10
Let c(h) = -3*h - 2. Let j be c(-1). Calculate the greatest common factor of 7 and j.
1
Let i = 16 - 15. Let f = -3 - -4. Calculate the highest common divisor of f and i.
1
Let z = 2 + -2. Suppose -2*q - 52 = -z*q. Let t = q + 122. What is the greatest common factor of 12 and t?
12
Let f be (-2)/(-1 - (-1)/3). Suppose 2*v - 75 = -f*v. Suppose -2*c - 3*c + 69 = -3*o, -5*o - v = 0. What is the highest common divisor of 18 and c?
6
Suppose q - 100 = d - 6*d, 0 = d - 4*q - 41. Calculate the highest common factor of d and 42.
21
Let l(y) = -120*y + 31. Let n be l(-3). Calculate the highest common factor of n and 17.
17
Let r(i) = -110*i. Let j(s) = -10*s. Let o(y) = 65*j(y) - 6*r(y). Let v be o(2). What is the highest common factor of v and 5?
5
Suppose 5*i + 25 = 105. Suppose -i = -4*h, -k - h + 13 - 3 = 0. Calculate the greatest common divisor of k and 4.
2
Let k be (2/4)/((-1)/(-100)). Let w be 1 - ((-2 - -3) + -20). Calculate the highest common divisor of k and w.
10
Let r(l) = 316*l**3 - 3*l**2 + 3*l - 1. Let x be r(1). Calculate the highest common factor of 35 and x.
35
Suppose 0 = 9*g - 6*g - 54. Suppose -4*y = -0*y. Suppose y = -0*i + 2*i - 54. Calculate the highest common divisor of g and i.
9
Let q be -2*2/(-2) - -2. Suppose -q*w = -1 - 7. Let f be w/(-5) - (-102)/5. What is the highest common divisor of f and 60?
20
Let y be 2/8 - 501/(-12). Calculate the greatest common divisor of 105 and y.
21
Let n be (24/(-20))/(12/(-100)). Calculate the greatest common factor of n and 20.
10
Let v = 7 - 4. Suppose 1 = v*z + 7. Let k be (-14)/(-2) + z/(-1). Calculate the greatest common divisor of k and 9.
9
Let t = -1 + 5. Let b = 16 - t. Calculate the highest common divisor of b and 96.
12
Let d be -2 + (4 - 2 - 4) + 188. Calculate the highest common divisor of d and 46.
46
Suppose -3*y + 121 = 5*k, -3*k + 5*k - 50 = -2*y. Let o = 38 - k. Let f(n) = 105*n**3 - n**2 + 1. Let c be f(1). What is the highest common divisor of c and o?
15
Let j be (1 - -1) + 3 - 0. Suppose -3*h = -j - 28. Suppose -v = -9 - 13. Calculate the greatest common factor of h and v.
11
Let z(w) = -w**3 - 7*w**2 + 7*w + 10. Let k be z(-8). Calculate the greatest common factor of k and 18.
18
Let x(y) = -1 - 2*y - y - 2*y**2 + 5*y + 5*y**3 - 4*y**3. Let k be x(3). What is the greatest common factor of 42 and k?
14
Suppose 3*o = -2*u - 1, 5*o - 4*u - 17 = 18. Let b be (-2)/1 - (-1 - o). Suppose -2*m = b*m - 68. Calculate the highest common divisor of m and 51.
17
Let h = -47 + 110. What is the greatest common divisor of h and 42?
21
Let t = -17 + -1. Let u = t + 21. Calculate the greatest common divisor of 24 and u.
3
Suppose 0 = -4*l + 22 + 58. What is the highest common divisor of 20 and l?
20
Let z = -483 + 803. Calculate the highest common divisor of 40 and z.
40
Suppose -5*x - 3*o + 24 = 0, -3*o + 9 = -0. What is the highest common divisor of 15 and x?
3
Let l(h) = 16*h**3 - h**2 + 1. Let v be l(1). Let u(f) = 15*f + 1. Let y be u(3). Let k = y - 22. Calculate the highest common divisor of k and v.
8
Let c be 4*-1*8/4. Let b = c + 13. Suppose 4*x - 74 = 5*y, 0*x + b*y - 54 = -4*x. What is the highest common factor of 32 and x?
16
Suppose 5*n + 14 = z, 3*z - 5*n - 17 = 15. Let m be ((-96)/z)/(6/27). Let f be 1/(-1 - m/45). Calculate the greatest common divisor of 135 and f.
15
Suppose 0 = -4*y - 3*j + 345, 5*y + 4*j - 61 - 371 = 0. Let f be (0 - (1 + -13)) + 0. Calculate the highest common divisor of f and y.
12
Suppose -13 = -3*s + 2. Suppose 5*t - 114 = -3*u, 3*u = s*t + 95 - 11. What is the greatest common factor of u and 3?
3
Let k = 30 - 17. Let i = k - 12. What is the greatest common factor of i and 4?
1
Let y(i) = -i**2 + 9*i - 4. Let x be y(5). Calculate the greatest common factor of x and 64.
16
Let f(h) = -h**3 + 4*h**2 + 4*h + 7. Let w be f(5). Suppose -2 = 4*n + w. Let d = 8 + n. Calculate the highest common divisor of 35 and d.
7
Suppose 4*y + 6 = 2*d, 5*y - 15 = -4*d + 2*d. Let t(v) = 2*v + 1. Let n be t(d). Suppose 5 = 2*c - n. Calculate the highest common factor of 20 and c.
4
Let v be 5 + -5 - 34/2. Let q = v - -72. What is the greatest common divisor of 5 and q?
5
Suppose -5*s = -80 - 10. Let g be s + 1/(-1)*2. What is the greatest common divisor of 80 and g?
16
Suppose 15 = -0*l + 3*l. Suppose -4*v + 3*n - 20 = 0, 3*v + 3*n - 8 + 2 = 0. Let d be v/9 + (-276)/(-27). What is the greatest common factor of l and d?
5
Suppose 26*h = 30*h - 660. Calculate the greatest common divisor of 66 and h.
33
Let q be (5/(-3))/(5/(-45)). What is the greatest common factor of 30 and q?
15
Let c(u) = -u**2 + 15*u - 11. Let a be c(13). What is the greatest common factor of 135 and a?
15
Suppose 118 = 4*x - 26. What is the greatest common divisor of x and 18?
18
Let y(l) = -l**2 - l + 43. Let a be y(0). Suppose 4*j = x - a, -3*x + j + 139 = 2*x. Calculate the highest common divisor of x and 18.
9
Let m(v) = 2*v**2 + 3*v + 3. Let b be m(-3). What is the highest common factor of 36 and b?
12
Let k(f) = 8*f + f**2 + 2 + 2 + 6. Let b be k(-7). Let u(d) = 2*d - 13. Let a be u(7). Calculate the highest common divisor of a and b.
1
Let y = 17 + -6. Calculate the greatest common divisor of 11 and y.
11
Suppose 4*m + 5 = 93. Calculate the greatest common divisor of 88 and m.
22
Let q(b) = -16*b - 1. Let f = 6 - 7. Let y be q(f). What is the highest common divisor of y and 3?
3
Suppose -i = 12 + 8. Let y = -10 - i. Calculate the highest common divisor of y and 4.
2
Let p = 23 + -15. Suppose 0 = 2*w - 11 - 75. Suppose -3*q - 3*x + 39 = 0, 5*x + w = 4*q - 36. What is the greatest common factor of p and q?
8
Let v(c) be the third derivative of 53*c**6/60 - c**4/12 + c**3/6 - c**2. Let s = 14 + -13. Let n be v(s). What is the greatest common divisor of 15 and n?
15
Let b(x) = -5*x + 4. Suppose 5*i = 7 + 23. Let o(v) = v**2 - 8*v + 2. Let r be o(i). Let z be b(r). Calculate the highest common divisor of z and 18.
18
Let m(n) = -16*n - 1. Let w be m(-4). What is the highest common divisor of 7 and w?
7
Suppose -9 + 23 = q - 3*j, q = 2*j + 12. Let y(k) = k**2 - 4*k + 3. Let b be y(3). Let x be -1 + (17 + 0 - b). What is the greatest common factor of x and q?
8
Suppose -4*x + 29 + 116 = c, 0 = -3*c + 3. What is the greatest common divisor of x and 6?
6
Let h(d) = -6*d - 2. Let q be h(-1). Suppose 5*u = q*u + 8. What is the greatest common factor of 4 and u?
4
Let t = -257 - -369. Calculate the greatest common divisor of t and 16.
16
Let d be (174/15)/((-1)/(-40)). Suppose -z = -1, 0*z = 4*x - 4*z - d. What is the greatest common factor of x and 13?
13
Let v(l) = 0 + 0 + 2 - 3*l - 5. Let c be v(-3). Suppose -45 + c = -3*q. Calculate the greatest common factor of q and 39.
13
Suppose 4*f - 528 = -0*f. What is the highest common factor of 33 and f?
33
Suppose 0 = 5*p + 2*c - 310, 0*p + 165 = 3*p - 3*c. Let x be (38 - 0)*3/2. Let k = -33 + x. Calculate the greatest common factor of k and p.
12
Let k(p) be the second derivative of 0 + 1/6*p**4 + 0*p**2 + 1/6*p**3 + p. Let t be k(2). Calculate the highest common divisor of 10 and t.
10
Let k be (1*3)/((-51)/(-68)). Let r = 93 + -38. Let t be (3 - k) + r + 0. Calculate the highest common divisor of 36 and t.
18
Suppose -148 = -7*k + 34. Suppose -156 = 2*x - 6*x. Calculate the highest common factor of k and x.
13
Let y be (-112)/(-3) - (-4)/6. Suppose -43 = 2*j + 3*p, 2*j + 2*p = 18 - 56. Let k = 43 - j. Calculate the highest common factor of k and y.
19
Let s be (12/7)/(20/70). Suppose 24 = v - 4*v. Let a be -28*(-3 - s/v). What is the highest common divisor of 9 and a?
9
Let g be (-2 - -3) + -2 - -10. What is the greatest common divisor of g and 81?
9
Suppose 3*l + 12 = 147. Suppose -3*i = 23 - 68. What is the highest common divisor of l and i?
15
Let q(w) = -15*w - 8. Let a be q(-3). What is the greatest common factor of 185 and a?
37
Suppose 12 = -h + 5*h. Suppose -h*g + n = -311, 5*n - 509 = -5*g + 2*n. Let c = -26 + g. Calculate the highest common divisor of c and 7.
7
Let f be (0 + (3 - 4))*-11. Calculate the highest common factor of f and 198.
11
Let u = 22 + -22. Suppose -a - 2 = 4*q, -2*a - 3*q + 6 + 10 = u. Calculate the highest common factor of a and 14.
14
Let x be (-25)/1